 g**5/10 - g**4/3 - g**3/2 - 3*g**2. Calculate h(d).
12
Let x(j) = -2*j**2 + 3 + 6 - 3*j**2 - j**3 - 1 + 15*j. Let s be x(-7). Let o(i) = -11*i**2 - 2*i + 1. Calculate o(s).
-12
Let z(d) = -5*d**3 - 15*d**2 + 14. Let g(c) = -c**3 - c**2 + 2. Let k(i) = 6*g(i) - z(i). What is k(9)?
-2
Let a be (-5)/15 + (-38)/(-6). Let k(p) = -6*p + 39. Give k(a).
3
Suppose 4*y = -48*t + 53*t + 9, 3*y - t - 4 = 0. Let q(k) = -k**3 + k**2 - 2*k + 1. What is q(y)?
-1
Let r(j) = 0 + 13 + 9 + 6 + 4 + 5*j. What is r(-5)?
7
Let a = 1074 + -1079. Let g(i) = -i**3 - 3*i**2 + 6*i - 1. Calculate g(a).
19
Suppose 3*y = 3*n - 6, -4*n = -9*n - 5*y. Let c(f) = 7*f**3 - f**2. Give c(n).
6
Let u(w) be the first derivative of -w**4/4 - 5*w**3/3 - 5*w**2/2 - 3*w + 89. Give u(-3).
-6
Let y be (-27)/(-6) - 1/2. Let i be (-1)/(y + (4 - 7)). Let c(v) = -3*v + 1. Give c(i).
4
Let h be (32/(-64))/((-3)/(-66)). Let a(b) = 2*b + 25. Determine a(h).
3
Let w(h) = -h**2 - 5*h - 1. Let j be (6 - 1 - 0)*(-3)/3. Determine w(j).
-1
Suppose 48 = 410*i - 398*i. Let n(k) be the second derivative of k**3 - 5*k + i*k**2 - 1/20*k**5 - 5/12*k**4 + 0. What is n(-6)?
8
Let n(a) = -9*a - 1. Suppose -5*c + 3*y = -7*c - 11, -3*y = c + 7. Give n(c).
35
Let q(x) be the first derivative of -1/2*x**2 + 1/3*x**3 + x + 9. Give q(4).
13
Suppose -9 = g - q + 5*q, 2*g = -3*q - 3. Let u(m) = 9*m + 7*m**g + 16*m - 1 - 25*m. Determine u(1).
6
Let o(h) = h - 1. Suppose -4*m + 12 = -3*l, m - 5 + 2 = -2*l. Suppose 0 = m*d - 28 + 10. Calculate o(d).
5
Let v(z) = 9*z**3 - 7*z**2 + 5*z + 13. Let b(u) = 7*u**3 - 7*u**2 + 6*u + 12. Let s(x) = 5*b(x) - 4*v(x). Determine s(-8).
-8
Suppose -2*n = 7 - 3. Let p(b) = -b**2 - 6*b + 10. Let i be p(-8). Let q be n/i + (-12)/9. Let l(t) = 7*t**2 + 1. Determine l(q).
8
Suppose 0*v = -3*t + 3*v - 3, 5*t = 3*v - 9. Let o(z) = -z**3 - 4*z**2 + 4*z + 4. Give o(t).
-17
Let q(l) = -8*l - 7*l + 21*l + 2*l + 1. Let v be (2/2 + 0)*1. What is q(v)?
9
Let u(c) = c**2 + 4*c - 20. Let m(q) = -2*q**2 - 9*q + 40. Let p(a) = 2*m(a) + 5*u(a). Determine p(-6).
4
Let q(n) = -n**3 + 4*n**2 + 9*n - 6. Suppose 49*b - 43*b - 36 = 0. Give q(b).
-24
Let r(q) be the third derivative of q**7/840 - q**6/60 - 7*q**5/120 + q**4/4 - 9*q**3/2 + 11*q**2. Let k(i) be the first derivative of r(i). Calculate k(7).
6
Suppose -n + 2 = -0. Let i(l) = -34*l**n + 0*l**3 - 6 - l**3 + 29*l**2. What is i(-5)?
-6
Let q(i) = 3*i**2 + 19*i - 3. Let u be q(-6). Let n(y) = -y**3 - 8*y**2 + 6*y - 10. Determine n(u).
17
Let p be (2/9)/(-1)*723/(-1928). Let v(s) be the third derivative of -1/24*s**4 - p*s**5 + 0*s**3 + 0*s + 0 + 9*s**2. Calculate v(1).
-6
Let z be ((-156)/8*2)/(-1). Let q = -36 + z. Let p(n) = -8 - n**3 + 2*n**q - 7*n**2 + 9 + 7*n + 0*n. What is p(6)?
7
Let k(d) = 145*d - 2 - 4 - 137*d. What is k(3)?
18
Let m(b) = -14*b**3 + b**2 + 2*b + 1. Suppose -4*o + 31 = 4*p + 3, -4*p - o = -40. Let r(i) = i**3 - 10*i**2 - 13*i + 21. Let u be r(p). Calculate m(u).
14
Let i(r) be the third derivative of -r**4/12 + 25*r**3/6 - r**2 - 5*r. Calculate i(14).
-3
Let f(c) = 2*c**3 - 20*c**2 - 3*c - 1. Let k(y) = y**3 - 19*y**2 - 2*y - 2. Let t(h) = 2*f(h) - 3*k(h). Calculate t(-17).
4
Let p(s) be the third derivative of -s**6/120 + s**5/15 + 7*s**4/24 - s**3 + s**2 - 11*s. Calculate p(5).
4
Let g(q) = 1 + 3*q**2 + q - 3*q - q. Let u(b) = -b - 1. Let o be u(-3). Determine g(o).
7
Let k(f) = f**2 + 7*f - 5. Let i = 52 - 50. Suppose -2*r - 9 - 5 = 2*l, -i*r - 3*l = 14. What is k(r)?
-5
Let v = 256 - 143. Let c(g) = 0*g + g**2 + 114 - v - 4*g. Let n(k) = -2*k - 10. Let b be n(-7). What is c(b)?
1
Let q(k) be the first derivative of -3*k**2 - 5*k + 285. Determine q(-4).
19
Let x(s) = 2 + 278*s - 140*s - 3*s**2 - 141*s. Give x(2).
-16
Let s(d) = -5*d**2 + 4*d - 4. Let y be s(-4). Let v be ((-60)/y)/((-1)/15). Let m be (-3 + 9)*6/v. Let q(k) = k + 3. Determine q(m).
-1
Let k(y) be the third derivative of y**5/30 - y**4/12 + y**3/6 - y**2. Suppose 2*t = -3*q + 69, q + 4*q - 119 = -2*t. Let a = -23 + q. Calculate k(a).
5
Let k(a) = a + 3. Let y = -6 + 4. Let l = y + 7. Suppose 37 = -l*u + 12. What is k(u)?
-2
Suppose -5*b - 180 = 15*b. Let k(i) = -2*i - 9. Calculate k(b).
9
Let b(p) be the first derivative of -p**3/3 + 5*p**2 - 9*p + 204. Determine b(9).
0
Let u(l) = l**2 - l. Let p(j) = 11*j - 4. Let y be p(-2). Let w = y + 27. Let v(b) = -b**3 - 15*b**2 + 6*b. Let q(z) = w*v(z) + 6*u(z). Determine q(-9).
0
Let l(z) = -z**2 + 9*z - 13. Let p(d) = -d**2 + 8*d - 13. Let b(x) = 4*l(x) - 3*p(x). Determine b(11).
-2
Let f = 54 - 139. Let q be (-289)/f + (-4)/10. Let i(x) = x**3 - 2*x**2 - 2. Give i(q).
7
Let f(t) = t**2 + t. Let a(k) = 13*k**2 + 2*k - 1. Let r(v) = -4*v + 34. Let x be r(8). Let q(w) = x*f(w) - a(w). What is q(-1)?
-10
Let x(p) be the first derivative of -p**4/2 + p**3 - 3*p**2/2 - 62. Calculate x(2).
-10
Let y(n) be the second derivative of 3/2*n**2 - 3*n + 0 - 7/6*n**3. What is y(2)?
-11
Let i(c) = c + 10. Let a(h) = -h - 11. Let z(o) = 6*a(o) + 7*i(o). Give z(5).
9
Let s(i) = i**3 - 2*i**2 - i + 1. Let q(t) = -t**3 - t - 6*t**2 + 7 - 7*t**2 + 2*t**2. Let v be q(-11). Let u = v + -15. What is s(u)?
7
Let r = 9 - 12. Suppose h - 7 = -4*f, 2*h + 2*h - 17 = -5*f. Let z(s) = 2 + h - 2 + 3*s. Give z(r).
-6
Let p(b) = b**2 + 9*b + 7. Let m(n) = 2*n**2 - 4 - 8*n - n**2 - 4*n**2. Let c be m(-3). Determine p(c).
-7
Let l(g) = -g**3 - 8*g**2 + 6. Let x be l(-8). Suppose -x*c + 40 = -c. Let k = c + -12. Let q(o) = -o**2 - 5*o + 2. Give q(k).
6
Let g(v) = v + 13. Suppose 12 = 4*o - 2*o - n, n = 5*o - 30. Let x(q) = -3176*q + 18 - 6 + 3177*q. Let d(s) = o*x(s) - 5*g(s). What is d(-10)?
-3
Suppose 26 = 4*h + 2*u, -u = -5*h - 2*u + 28. Let m(v) = 2*v - 8. What is m(h)?
2
Let r(c) = c - 2. Suppose -3*n = 3, 33 = -3*b + 7*b - n. Determine r(b).
6
Let p(j) = j**3 + 3*j**2 + 3*j + 1. Let h(y) = -y**3 - 7*y**2 + 10*y + 4. Let f be h(-8). Let o = 16 + f. Suppose q = -q - o. Determine p(q).
-1
Let j(q) be the third derivative of -q**6/120 + q**5/15 - q**4/6 + q**3/2 - 43*q**2. Let d be (-2 - (-36)/15)*5. Give j(d).
3
Let g be (-9 + 10)*-1 - 12/3. Let y(b) = 4*b + 8. Give y(g).
-12
Let l be (13/(-52))/(-1 + 6/8). Suppose -29 = -m - 4*s, 4*m - 4 = -5*s + 57. Let g(h) = m*h - h**2 + 2*h - 2 + l - 3*h. Calculate g(6).
11
Suppose -25*n - n = 12*n. Let f(y) = -y**2 + y + 4. Give f(n).
4
Let q(d) be the second derivative of d**6/120 + d**5/15 + d**4/8 + 8*d**2 + 4*d. Let c(g) be the first derivative of q(g). Determine c(-2).
2
Let g(t) be the third derivative of -t**6/120 + 2*t**5/15 - 5*t**4/24 - t**3 - 47*t**2. Determine g(7).
8
Let t(p) = -7*p**2 + 17*p - 4. Let j(r) = -3*r**2 + 8*r - 2. Let z(m) = 5*j(m) - 2*t(m). Suppose 60*o - 89*o + 116 = 0. What is z(o)?
6
Let o(b) = -3*b**2 + 0 - 2*b**2 - 3 + 14*b - 22*b. Let i(y) = 6*y**2 + 5*y - 2*y + 5*y + 3. Let a(d) = 4*i(d) + 5*o(d). Calculate a(-5).
12
Suppose 191 = -14*h + 51. Let l(c) = -c**3 - 11*c**2 - 8*c + 8. What is l(h)?
-12
Let r(o) = -o**2 - 11*o + 15. Suppose 4*i - 5*f + 81 = 0, f - 38 = 5*i + 37. Calculate r(i).
-27
Suppose -2*z + 1 = -3*z. Let m be -6 + 9 + (z - 0). Suppose -5*n - 4 = m*y - 2*n, -2*n = -5*y + 9. Let w(b) = -7*b**2 + 1. Calculate w(y).
-6
Let o(f) = -f**3 + 6*f**2 - 2*f + 7. Let h be o(5). Let p(d) = 4*d - 1. Let a(u) = -16*u + 9*u + 1 + 4 - 14*u. Let g(x) = h*p(x) + 4*a(x). Calculate g(-2).
-10
Let l = -19 - -9. Let a = 13 + l. Let o(h) = -2*h**2 - 6*h**2 + a*h + 13*h**2 - 2 + h**3. Give o(-3).
7
Let l(d) = d. Let t be -20*((-26)/10 - -3). Let j be ((-12)/t)/(3/(-8)). Let i(p) = -p + 1. Let o(q) = j*i(q) - 3*l(q). Give o(5).
1
Let q(k) = -k - 2. Let p be (-12 - (-1 + -1)) + 4. Let b be p/(-24) - (-166)/8. Suppose 3 = -3*j - b. Determine q(j).
6
Let t(w) be the first derivative of -w**4/24 - 4*w**3/3 + 3*w**2/2 + 4*w - 52. Let o(h) be the second derivative of t(h). Determine o(-7).
-1
Let m(t) = t**3 - 8*t**2 + 6*t + 9. Suppose 3*n - 12 = -2*p, 0*n - 4 = -n + 4*p. Let h be (-1)/n - (-117)/52. Suppose -y + h*y - 7 = 0. Calculate m(y).
2
Let t(h) = 0*h**2 - 7*h + 13*h - 7 + 2*h**2 + 3*h + 0*h**2. Determine t(-7).
28
Let g(b) be the first derivative of -b**4/4 + b**3 + 2*b**2 - 6*b - 72. Determine g(5).
-36
Let i(j) be the second derivative of j**4/12 + j**3/3 + j**2/2 - 126*j. Cal